divided by 458.
19
What is the remainder when 1145 is divided by 1094?
51
Calculate the remainder when 428755 is divided by 672.
19
What is the remainder when 1416 is divided by 1188?
228
Calculate the remainder when 33725 is divided by 613.
10
What is the remainder when 12870 is divided by 2457?
585
Calculate the remainder when 46254 is divided by 90.
84
What is the remainder when 14293 is divided by 3?
1
Calculate the remainder when 467822 is divided by 116.
110
Calculate the remainder when 27882 is divided by 222.
132
Calculate the remainder when 19675 is divided by 123.
118
What is the remainder when 9893 is divided by 1274?
975
Calculate the remainder when 166906 is divided by 64.
58
What is the remainder when 41041 is divided by 700?
441
Calculate the remainder when 64540 is divided by 1790.
100
What is the remainder when 57997 is divided by 11596?
17
What is the remainder when 1065 is divided by 97?
95
Calculate the remainder when 111632 is divided by 37204.
20
Calculate the remainder when 570 is divided by 163.
81
Calculate the remainder when 2992 is divided by 209.
66
What is the remainder when 24554 is divided by 707?
516
What is the remainder when 7878 is divided by 495?
453
Calculate the remainder when 87076 is divided by 407.
385
What is the remainder when 6658 is divided by 30?
28
Calculate the remainder when 1215 is divided by 67.
9
What is the remainder when 42071 is divided by 14023?
2
Calculate the remainder when 195179 is divided by 1435.
19
What is the remainder when 53766 is divided by 15?
6
What is the remainder when 1791 is divided by 61?
22
What is the remainder when 3455 is divided by 68?
55
Calculate the remainder when 384393 is divided by 103.
100
What is the remainder when 127 is divided by 59?
9
Calculate the remainder when 71274 is divided by 412.
410
What is the remainder when 10828 is divided by 1891?
1373
What is the remainder when 769753 is divided by 6752?
25
What is the remainder when 8704 is divided by 1423?
166
Calculate the remainder when 94573 is divided by 66.
61
What is the remainder when 14806 is divided by 224?
22
What is the remainder when 12197 is divided by 50?
47
What is the remainder when 11628 is divided by 773?
33
Calculate the remainder when 24714 is divided by 1370.
54
What is the remainder when 91603 is divided by 33?
28
What is the remainder when 358226 is divided by 179090?
46
Calculate the remainder when 8496 is divided by 760.
136
What is the remainder when 128 is divided by 115?
13
What is the remainder when 7413 is divided by 2467?
12
Calculate the remainder when 42303 is divided by 10567.
35
Calculate the remainder when 616539 is divided by 23.
1
What is the remainder when 299739 is divided by 140?
139
Calculate the remainder when 1860 is divided by 1833.
27
Calculate the remainder when 22407 is divided by 45.
42
Calculate the remainder when 20627 is divided by 106.
63
Calculate the remainder when 13180 is divided by 49.
48
Calculate the remainder when 71458 is divided by 15.
13
What is the remainder when 89245 is divided by 12748?
9
Calculate the remainder when 165393 is divided by 894.
3
Calculate the remainder when 2789 is divided by 2782.
7
What is the remainder when 1711 is divided by 415?
51
Calculate the remainder when 13126 is divided by 61.
11
Calculate the remainder when 20405 is divided by 381.
212
Calculate the remainder when 34326 is divided by 470.
16
What is the remainder when 703601 is divided by 100513?
10
Calculate the remainder when 226799 is divided by 630.
629
Calculate the remainder when 9147 is divided by 830.
17
Calculate the remainder when 6946 is divided by 444.
286
Calculate the remainder when 2820 is divided by 176.
4
Calculate the remainder when 741 is divided by 108.
93
Calculate the remainder when 2142 is divided by 54.
36
What is the remainder when 4885 is divided by 4879?
6
Calculate the remainder when 3853 is divided by 1919.
15
Calculate the remainder when 2352 is divided by 818.
716
What is the remainder when 636366 is divided by 106061?
0
What is the remainder when 18964 is divided by 25?
14
What is the remainder when 5769 is divided by 45?
9
Calculate the remainder when 974165 is divided by 974156.
9
Calculate the remainder when 19419 is divided by 261.
105
What is the remainder when 9563 is divided by 274?
247
Calculate the remainder when 26691 is divided by 1384.
395
Calculate the remainder when 15166 is divided by 389.
384
Calculate the remainder when 240 is divided by 22.
20
Calculate the remainder when 121932 is divided by 1821.
1746
Calculate the remainder when 30736 is divided by 94.
92
Calculate the remainder when 9759 is divided by 4861.
37
What is the remainder when 2176148 is divided by 22?
18
What is the remainder when 12052 is divided by 486?
388
Calculate the remainder when 345063 is divided by 11.
4
What is the remainder when 6291 is divided by 155?
91
Calculate the remainder when 1958 is divided by 1956.
2
Calculate the remainder when 308109 is divided by 11411.
12
Calculate the remainder when 6151 is divided by 2922.
307
Calculate the remainder when 10837 is divided by 47.
27
Calculate the remainder when 4355958 is divided by 40.
38
Calculate the remainder when 13801 is divided by 177.
172
Calculate the remainder when 1538366 is divided by 43.
41
Calculate the remainder when 108154 is divided by 3181.
0
What is the remainder when 16498 is divided by 42?
34
What is the remainder when 342580 is divided by 11?
7
What is the remainder when 23125 is divided by 11559?
7
Calculate the remainder when 71171 is divided by 21.
2
What is the remainder when 51147 is divided by 775?
772
What is the remainder when 6670 is divided by 48?
46
Calculate the remainder when 179128 is divided by 86.
76
Calculate the remainder when 144532 is divided by 221.
219
Calculate the remainder when 1332 is divided by 84.
72
What is the remainder when 87231 is divided by 16?
15
What is the remainder when 5272 is divided by 4682?
590
What is the remainder when 71699 is divided by 60?
59
What is the remainder when 5260 is divided by 1309?
24
What is the remainder when 27528 is divided by 137?
128
What is the remainder when 748075 is divided by 14?
13
What is the remainder when 25827 is divided by 5147?
92
What is the remainder when 22043 is divided by 1468?
23
Calculate the remainder when 319512 is divided by 13312.
24
Calculate the remainder when 911 is divided by 91.
1
What is the remainder when 5244 is divided by 349?
9
What is the remainder when 564 is divided by 293?
271
Calculate the remainder when 1593 is divided by 209.
130
What is the remainder when 54889 is divided by 343?
9
Calculate the remainder when 677 is divided by 65.
27
What is the remainder when 6073 is divided by 1119?
478
Calculate the remainder when 6465 is divided by 17.
5
Calculate the remainder when 34952 is divided by 11614.
110
What is the remainder when 8458 is divided by 1690?
8
Calculate the remainder when 2147 is divided by 966.
215
Calculate the remainder when 27400 is divided by 13.
9
Calculate the remainder when 732 is divided by 65.
17
What is the remainder when 97650 is divided by 333?
81
What is the remainder when 20729 is divided by 5098?
337
Calculate the remainder when 43176 is divided by 21585.
6
Calculate the remainder when 37528 is divided by 2679.
22
Calculate the remainder when 29743 is divided by 208.
207
Calculate the remainder when 5234 is divided by 1842.
1550
What is the remainder when 10278 is divided by 1056?
774
Calculate the remainder when 2369 is divided by 91.
3
What is the remainder when 2411 is divided by 2335?
76
What is the remainder when 83291 is divided by 2597?
187
Calculate the remainder when 6612 is divided by 173.
38
What is the remainder when 183026 is divided by 2080?
2066
Calculate the remainder when 8989 is divided by 39.
19
Calculate the remainder when 5550 is divided by 70.
20
Calculate the remainder when 24601 is divided by 214.
205
Calculate the remainder when 7496 is divided by 63.
62
Calculate the remainder when 1184 is divided by 91.
1
Calculate the remainder when 532 is divided by 194.
144
What is the remainder when 3875241 is divided by 7?
6
Calculate the remainder when 265339 is divided by 44221.
13
Calculate the remainder when 47